{"id":351,"date":"2014-11-17T15:49:13","date_gmt":"2014-11-17T13:49:13","guid":{"rendered":"http:\/\/www.hautwerk.com\/?page_id=351"},"modified":"2018-12-19T14:41:14","modified_gmt":"2018-12-19T12:41:14","slug":"elisabeth-huber-eli-sales","status":"publish","type":"page","link":"https:\/\/www.hautwerk.com\/?page_id=351","title":{"rendered":"Elisabeth Huber (Eli) &#8211; Shop Managerin\/Sales"},"content":{"rendered":"<div style=\"float: left; padding-right: 50px;\"><a href=\"http:\/\/www.hautwerk.com\/wp-content\/uploads\/2014\/10\/eli1.jpg\"><img loading=\"lazy\" decoding=\"async\" class=\"alignnone size-medium wp-image-198\" src=\"http:\/\/www.hautwerk.com\/wp-content\/uploads\/2014\/10\/eli1-198x300.jpg\" alt=\"Eli\" width=\"198\" height=\"300\" \/><\/a><\/div>\n<div>\n<p>Elisabeth Huber, wird von uns allen liebevoll Eli genannt. Sie wurde am 17.12.1986 in Leoben geboren und wuchs dann in der kleinen Stadt Rottenmann auf. Ihre Liebe zum K\u00f6rperkult entdeckte unsere Eli schon im Kindesalter, als ihre gr\u00f6\u00dfere Schwester einen Freund hatte, dessen K\u00f6rper mit Tattoos verziert war. Damals beschloss sie, sobald sie erwachsen sei, ihren K\u00f6rper selbst von Kopf bis Fu\u00df verzieren zu lassen.<\/p>\n<p>Mit 16 lie\u00df sie sich ihre ersten Piercings und Tattoos stechen und hat bis zum heutigen Tag nicht damit aufgeh\u00f6rt. Da war es eigentlich nur klar, dass sie auch beruflich mit Piercings und Tattoos arbeiten w\u00fcrde. Unsere Eli ist die gute Fee des Hauses, sie k\u00fcmmert sich um unsere Kunden, um die Crew, vereinbart Termine und schaut, dass es niemandem an etwas fehlt. Wenn es Fragen zum Thema Schmuck, oder Tattoos gibt, ist sie die perfekte Ansprechperson daf\u00fcr, da sie durch ihren K\u00f6rperfaible das perfekte Auge f\u00fcr Sch\u00f6nheit und \u00c4sthetik hat.<\/p>\n<\/div>\n<p><a href=\"https:\/\/www.facebook.com\/emily.pinkcore\" target=\"_blank\"><img loading=\"lazy\" decoding=\"async\" class=\"alignnone size-full wp-image-624\" src=\"http:\/\/www.hautwerk.com\/wp-content\/uploads\/2014\/11\/facebook_visit_m_s.png\" alt=\"Besuche Eli auf Facebook\" width=\"95\" height=\"30\" \/><\/a><\/p>\n<p>&nbsp;<\/p>\n","protected":false},"excerpt":{"rendered":"<p>Elisabeth Huber, wird von uns allen liebevoll Eli genannt. Sie wurde am 17.12.1986 in Leoben geboren und wuchs dann in [&hellip;]<\/p>\n","protected":false},"author":4,"featured_media":0,"parent":55,"menu_order":0,"comment_status":"closed","ping_status":"closed","template":"page-fullwidth.php","meta":{"footnotes":""},"class_list":["post-351","page","type-page","status-publish","hentry","no-featured-image"],"_links":{"self":[{"href":"https:\/\/www.hautwerk.com\/index.php?rest_route=\/wp\/v2\/pages\/351","targetHints":{"allow":["GET"]}}],"collection":[{"href":"https:\/\/www.hautwerk.com\/index.php?rest_route=\/wp\/v2\/pages"}],"about":[{"href":"https:\/\/www.hautwerk.com\/index.php?rest_route=\/wp\/v2\/types\/page"}],"author":[{"embeddable":true,"href":"https:\/\/www.hautwerk.com\/index.php?rest_route=\/wp\/v2\/users\/4"}],"replies":[{"embeddable":true,"href":"https:\/\/www.hautwerk.com\/index.php?rest_route=%2Fwp%2Fv2%2Fcomments&post=351"}],"version-history":[{"count":11,"href":"https:\/\/www.hautwerk.com\/index.php?rest_route=\/wp\/v2\/pages\/351\/revisions"}],"predecessor-version":[{"id":1191,"href":"https:\/\/www.hautwerk.com\/index.php?rest_route=\/wp\/v2\/pages\/351\/revisions\/1191"}],"up":[{"embeddable":true,"href":"https:\/\/www.hautwerk.com\/index.php?rest_route=\/wp\/v2\/pages\/55"}],"wp:attachment":[{"href":"https:\/\/www.hautwerk.com\/index.php?rest_route=%2Fwp%2Fv2%2Fmedia&parent=351"}],"curies":[{"name":"wp","href":"https:\/\/api.w.org\/{rel}","templated":true}]}}