{"id":27,"date":"2014-10-22T09:20:57","date_gmt":"2014-10-22T07:20:57","guid":{"rendered":"http:\/\/www.hautwerk.com\/?page_id=27"},"modified":"2016-07-18T14:15:55","modified_gmt":"2016-07-18T12:15:55","slug":"impressum","status":"publish","type":"page","link":"https:\/\/www.hautwerk.com\/?page_id=27","title":{"rendered":"Impressum"},"content":{"rendered":"<p><strong>Hautwerk<br \/>\nPierre Bacher e.U.<\/strong><br \/>\nInhaber: Pierre Bacher<br \/>\nStrau\u00dfgasse 11, 8700 Leoben<br \/>\nGesch\u00e4ftsf\u00fchrung: Pierre Bacher<\/p>\n<p>Telefonnummer: +43 (0) 664 788 79 87<br \/>\nFaxnummer:+43 (0) 3842 45286<br \/>\nE-Mailadresse: office@hautwerk-shop.com<br \/>\n<span style=\"line-height: 1.714285714; font-size: 1rem;\">Registergericht &amp; Registernummer: Leoben \/ FN: 451892-y<\/span><\/p>\n<p>Umsatzsteuer-Identifikationsnummer: ATU56774324<\/p>\n<p><strong>Inhaltlich verantwortlich:<\/strong><br \/>\nHautwerk<br \/>\nPierre Bacher e.U.<br \/>\nInhaber: Pierre Bacher<br \/>\nStrau\u00dfgasse 11, 8700 Leoben<\/p>\n<p><strong>Umsetzung:<\/strong><br \/>\n<a href=\"http:\/\/www.spikepit1.com\" target=\"_blank\">www.spikepit1.com<\/a><\/p>\n","protected":false},"excerpt":{"rendered":"<p>Hautwerk Pierre Bacher e.U. Inhaber: Pierre Bacher Strau\u00dfgasse 11, 8700 Leoben Gesch\u00e4ftsf\u00fchrung: Pierre Bacher Telefonnummer: +43 (0) 664 788 79 [&hellip;]<\/p>\n","protected":false},"author":4,"featured_media":0,"parent":0,"menu_order":0,"comment_status":"closed","ping_status":"closed","template":"page-fullwidth.php","meta":[],"_links":{"self":[{"href":"https:\/\/www.hautwerk.com\/index.php?rest_route=\/wp\/v2\/pages\/27"}],"collection":[{"href":"https:\/\/www.hautwerk.com\/index.php?rest_route=\/wp\/v2\/pages"}],"about":[{"href":"https:\/\/www.hautwerk.com\/index.php?rest_route=\/wp\/v2\/types\/page"}],"author":[{"embeddable":true,"href":"https:\/\/www.hautwerk.com\/index.php?rest_route=\/wp\/v2\/users\/4"}],"replies":[{"embeddable":true,"href":"https:\/\/www.hautwerk.com\/index.php?rest_route=%2Fwp%2Fv2%2Fcomments&post=27"}],"version-history":[{"count":5,"href":"https:\/\/www.hautwerk.com\/index.php?rest_route=\/wp\/v2\/pages\/27\/revisions"}],"predecessor-version":[{"id":1082,"href":"https:\/\/www.hautwerk.com\/index.php?rest_route=\/wp\/v2\/pages\/27\/revisions\/1082"}],"wp:attachment":[{"href":"https:\/\/www.hautwerk.com\/index.php?rest_route=%2Fwp%2Fv2%2Fmedia&parent=27"}],"curies":[{"name":"wp","href":"https:\/\/api.w.org\/{rel}","templated":true}]}}